**3 - 11 + 4*k**3. What is the tens digit of g(-4)?
7
Suppose 0 = m - 6*m + 4*i + 181, -2*i + 113 = 3*m. Let r = 110 - m. What is the tens digit of r?
7
Suppose 4*f - 2*m - 22 = 3*m, 6 = -3*m. Suppose -2*u + 266 = 4*o, -3*o + f*u - 4*u + 199 = 0. What is the tens digit of o?
6
Let j(w) = 4*w**2 + 2*w + 1. Let n be j(-2). Let m be ((-46)/115)/(1 + (-17)/15). Suppose 4 - n = -m*c. What is the units digit of c?
3
Suppose 3*d - 9 + 0 = 0. Let l(r) be the third derivative of r**5/20 + 5*r**4/24 - 5*r**3/3 - r**2. What is the tens digit of l(d)?
3
Let p(m) = 10*m - 3. Let f be p(9). Suppose 11*t - 4*t - 14 = 0. Suppose -l + 0*l + f = 4*i, -5*i = t*l - 108. What is the tens digit of i?
2
Let b = 164 + -76. What is the units digit of b?
8
Let p(m) be the second derivative of -79*m**3/6 + m**2/2 - 8*m. What is the tens digit of p(-1)?
8
Let p = 74 - 70. Suppose -4*j + 5*f = -108, -j - f - f = -14. Suppose i = -3*q + 46, -4*q - j = -i - p. What is the tens digit of i?
3
Let t(d) = d**3 + 24*d**2 + 40*d + 6. What is the thousands digit of t(-14)?
1
Let r(s) = -116*s**2. Let c be r(1). Suppose 94*u - 88*u = -72. What is the tens digit of -2*(-3)/(u/c)?
5
Let f be 630/130 - (-2)/13. Suppose 5*n = -5*g + 420, -4*n - 534 = -f*g - 114. What is the units digit of g?
4
Let r be (-102)/(-14) - -1*6/(-21). Suppose -125 - 666 = -r*a. What is the hundreds digit of a?
1
Suppose 0 = -3*a + 3*l - 4*l + 176, -48 = -a - 3*l. Suppose 15 = 3*z - a. What is the tens digit of z?
2
Suppose 0*c = 3*c. Suppose 4*q = -c*q + 268. What is the tens digit of q?
6
Suppose 11 = -a + 16. Suppose 109 = 4*i - u - 327, -a*i = 2*u - 532. What is the tens digit of i?
0
Let q = 537 - 377. Let u = 327 - q. What is the units digit of u?
7
Suppose -3*s = 8 + 4, 2*s = o - 6. Let n be 21/(o/4*3). Let u = n - -22. What is the units digit of u?
8
What is the hundreds digit of (-312)/20 + 16 + (-4166)/(-10)?
4
Suppose -2*h - 4*p = -3*p - 889, -h + p = -443. What is the tens digit of h?
4
Let r(o) = 4*o**2 - 35*o - 3. Let q be r(7). Let t = 138 + q. What is the units digit of t?
6
Let i(s) = -170*s**3 - s**2 + 2*s + 2. Let g be i(-1). Let a = g - 87. What is the units digit of a?
2
Let a(d) = d**3 + 5*d**2 - 4*d - 3. Suppose -i - 12 = 3*w, 7 = -3*i - 4*w - 4. Suppose -16 = -i*r + 7*r. What is the tens digit of a(r)?
2
Let q(s) = s**2 - 6*s + 1. Let a be ((-4)/6)/((-7)/63). Let x be q(a). What is the units digit of (7 - -2)/(x + 0)?
9
Suppose 3*r - 4*r = -k - 4, -2*r + 3*k + 7 = 0. Suppose -2*b = r*v + 5 - 26, 2*v - 4*b = 18. What is the units digit of v?
5
Let c(h) be the first derivative of 5*h**2 - 10. Let o be c(2). What is the tens digit of 2/(-8) + 1045/o?
5
Suppose 287*h = 281*h + 9738. What is the thousands digit of h?
1
Suppose 0 = 2*o - 22 + 2. Let i be ((-8)/o)/((-1)/(-15)). Let y(p) = p**2 + 8*p - 12. What is the tens digit of y(i)?
3
Let b = 3 - -8. Suppose 0 = -b*n + 6*n + 215. What is the units digit of n?
3
Let a(g) = -16*g**2 + g + 6. Let t(d) = -48*d**2 + 3*d + 17. Let j = -22 + 39. Let l(s) = j*a(s) - 6*t(s). What is the units digit of l(1)?
5
Let u(f) = 19*f + 2. Let x be u(4). Suppose -2*p + 1052 - 1044 = 0. Suppose p*t - x + 2 = 0. What is the units digit of t?
9
Let o = 3453 - 2047. What is the thousands digit of o?
1
Suppose -6*z + 10*z - 20 = 0. Suppose 0 = w - 57 + z. Let r = w + -23. What is the tens digit of r?
2
Let k(u) = 303*u + 3. What is the units digit of k(1)?
6
Let c = -157 + 1404. What is the thousands digit of c?
1
Suppose 5*x = -2*u + 1838 + 6019, 0 = x - 4*u - 1589. What is the thousands digit of x?
1
Let o = 4451 + -2489. What is the hundreds digit of o?
9
Let b = 1950 + -342. What is the units digit of b?
8
Suppose -10*l = -9*l. Suppose 2*a - 5*g - 43 = l, -1 - 4 = 5*g. What is the tens digit of a?
1
Suppose -596 = 3*v - 5*v. What is the hundreds digit of v?
2
What is the units digit of -14 + 6 - -2 - -382?
6
Let g(r) = 3462*r**3 - 3*r**2 - 4*r + 3. What is the tens digit of g(1)?
5
Let q(z) = 5*z**2 - 3*z. Let m = -2 - 2. Let a be q(m). Suppose -3*p + 2*p + 3*l = -19, 0 = 3*p - 2*l - a. What is the units digit of p?
4
Let l = -6 + -4. Let n be (-8)/l - 199/5. Let d = n - -100. What is the tens digit of d?
6
Suppose 11*y = 6*y - 4*u + 990, 403 = 2*y + 3*u. What is the hundreds digit of y?
1
What is the hundreds digit of (-1 + 2271)/5 + 5?
4
Let o(b) be the second derivative of -5*b**4/3 - 3*b. Let k be o(1). What is the units digit of (-1 - 0)/(1/k)?
0
Suppose 8 = d + 7. Let z = d - -4. Suppose 5*n = -r + 3*n + 48, 5*r - 165 = z*n. What is the units digit of r?
8
Let h(l) = -l**3 + 11*l**2 - l + 12. Let t be h(11). What is the units digit of 34/6*t + 28/(-42)?
5
Let h(i) = 2*i**2 + 2*i - 2. Let x = 1 + -1. Suppose -2*y - 2*k - 3*k - 9 = x, 5*y - 21 = 2*k. What is the units digit of h(y)?
2
Let a(o) = 16*o - 60. Let b be a(16). Let m = b - -27. What is the tens digit of m?
2
Suppose 1 + 13 = 7*q. Suppose -1 = -q*o + 1, 5*o - 70 = -5*a. What is the tens digit of a?
1
What is the hundreds digit of ((-111)/(-5))/((-19)/(-380))?
4
Suppose -5*y - 4*u + 13 + 13 = 0, -5*u = 5*y - 30. Suppose 2*p = -l + 21, -5*p + 2*p = y*l - 29. Let s = 17 - p. What is the units digit of s?
4
Let n(t) = -t**2 + 9*t + 9. Let h(v) = v**2 - v + 1. Let b(r) = 2*h(r) + n(r). What is the units digit of b(-5)?
1
Let y(m) = -m**3 + 10*m**2 + 10*m + 16. Let d(i) = 3*i**2 + 6*i + 3 + 3*i**2 + 0 - 4*i**2. Let r be d(-4). What is the units digit of y(r)?
5
Let z(m) = -m**2 + 6*m + 7. Suppose 8 + 4 = 2*o. Suppose 9 = o*w - 4*w + k, 0 = 5*w + k - 24. What is the units digit of z(w)?
2
Let l(g) = -197*g + 3. What is the tens digit of l(-4)?
9
Let h(s) = 141*s**2 - 5*s - 2. What is the hundreds digit of h(-5)?
5
Let a = -33 + 35. Suppose 4*u - 6 = a*u - 4*n, 2*u - 2*n - 36 = 0. What is the units digit of u?
3
Let r = 8 + 0. Let k = r + -13. Let t(i) = i**2 + i + 5. What is the tens digit of t(k)?
2
Let b(j) = -j**3 + 6*j**2 + 2*j - 9. Let f be b(6). Suppose t = 4*t - f*i - 348, -112 = -t - 3*i. What is the tens digit of t?
1
Let q = 16 - 31. Let o be 2*q/(-6) - 3. Suppose 0 = -2*m - o*m + 140. What is the tens digit of m?
3
Let w(o) = 20*o - 6. Let l be w(-3). What is the units digit of ((-6)/4)/(3/l)?
3
Let m = -49 + 19. What is the units digit of 6/4 - 45/m?
3
Suppose -3*k = -5*b + 18, 3*b = -k + 2*b - 14. Suppose 74 = 5*z - 0*z + 3*c, 3*z - 42 = -3*c. Let y = z + k. What is the units digit of y?
5
Suppose 20*x - 1367 - 4553 = 0. What is the tens digit of x?
9
Let q(s) = 64*s**2 - s + 1. Suppose 5*o + 4*u - 21 = 0, 0*o + 2*o = -u + 6. What is the units digit of q(o)?
4
Suppose 0 = 12*o - 11*o - 21. Let q = -19 + o. What is the tens digit of (-210)/(-4)*q/3?
3
Let k(u) = 2*u**2 + 18*u + 62. What is the tens digit of k(15)?
8
Let p(n) = n**3 - 5*n**2 + 4*n - 8. Let m be p(4). Let u be (m/10)/((-4)/10). Suppose 19 + 12 = z - u*c, 0 = -z - c + 25. What is the tens digit of z?
2
Suppose 2*c = -c + 12. Suppose -c*d + 5*h - 28 = 0, -h + 18 = -5*d + h. What is the units digit of (24/(-8))/(3/d)?
2
Let y = 22 + -13. Let n = y + -7. Suppose -2*d = n*d - 168. What is the units digit of d?
2
Suppose 17*c - s = 14*c + 5800, 0 = 5*c + 2*s - 9674. What is the units digit of c?
4
Let u be (-285)/(-7) + (-8)/(-28). Let w = -6 + u. What is the tens digit of w?
3
Let m be -1*(-2)/4*8. Let f = m + 21. Suppose -d - f = -2*d. What is the units digit of d?
5
What is the tens digit of 0 + ((-38)/(-19))/((-2)/(-1211))?
1
What is the thousands digit of (-28 + 29)/(1/(1585*1))?
1
Suppose -18*l = -8*l - 30. What is the hundreds digit of (-3)/(-6)*-3*(-430)/l?
2
Let o be (-1317)/4 + (-60)/80. Let f = 596 + o. What is the hundreds digit of f?
2
Let z(l) = 16*l + 3*l**2 - 4*l**2 - 23 - 17*l**2 + l**3 + 6*l. What is the units digit of z(17)?
2
Let w(j) be the first derivative of -7/3*j**3 + 3 - 6*j + 1/2*j**2 + 1/4*j**4. What is the units digit of w(7)?
1
Suppose 23*q = 21*q. Suppose -3*k - k - 56 = q. Let x = 25 + k. What is the units digit of x?
1
Let h = -8 + 14. Let q be ((-10)/(-15))/(2/h). Suppose 0 = m + m - q. What is the units digit of m?
1
Suppose -4*y + 3*f + 27 = 0, 3*y = 4*y - 3*f - 18. Let r = 3 - y. Suppose -2*n + 50 = -r*n. What is the units digit of n?
5
Suppose 5*c - 172535 = -50*c. What is the hundreds di